{"id":10554,"date":"2023-06-18T17:57:19","date_gmt":"2023-06-18T14:57:19","guid":{"rendered":"http:\/\/www.kuspha.com\/blog\/?page_id=10554"},"modified":"2023-08-01T10:39:36","modified_gmt":"2023-08-01T07:39:36","slug":"bilgi-guvenligi-politikamiz","status":"publish","type":"page","link":"http:\/\/www.kuspha.com\/blog\/bilgi-guvenligi-politikamiz\/","title":{"rendered":"B\u0130LG\u0130 G\u00dcVENL\u0130\u011e\u0130 POL\u0130T\u0130KAMIZ"},"content":{"rendered":"\t\t<div data-elementor-type=\"wp-page\" data-elementor-id=\"10554\" class=\"elementor elementor-10554\">\n\t\t\t\t\t\t\t<div class=\"elementor-element elementor-element-0134b73 e-con-boxed e-flex e-con\" data-id=\"0134b73\" data-element_type=\"container\" data-settings=\"{&quot;content_width&quot;:&quot;boxed&quot;}\">\n\t\t\t\t\t<div class=\"e-con-inner\">\n\t\t\t\t<div class=\"elementor-element elementor-element-b2c18ff elementor-widget elementor-widget-text-editor\" data-id=\"b2c18ff\" data-element_type=\"widget\" data-widget_type=\"text-editor.default\">\n\t\t\t\t<div class=\"elementor-widget-container\">\n\t\t\t\t\t\t\t<h3><big><b>B\u0130LG\u0130 G\u00dcVENL\u0130\u011e\u0130 POL\u0130T\u0130KAMIZ\u00a0<\/b><\/big><\/h3><h3><big><b>DE\u011eERL\u0130 M\u00dc\u015eTER\u0130LER\u0130M\u0130Z VE \u0130\u015e ORTAKLARIMIZ,\u00a0<\/b><\/big><\/h3><p>LST Bilgi G\u00fcvenli\u011fi Politikas\u0131 ilgili yasalara, standartlara ve etik kavramlara g\u00f6re d\u00fczenlenmi\u015f gereksinim, uygulama ve kurallar\u0131 kapsar. Bu politika kapsam\u0131nda, sizlerin ve \u00e7al\u0131\u015fanlar\u0131m\u0131z\u0131n, elektronik ortamda saklanan ya da yaz\u0131l\u0131, s\u00f6zl\u00fc olarak ifade edilen bilgilerinin firma i\u00e7i ve firma d\u0131\u015f\u0131 t\u00fcm tehditlerden korunmas\u0131 en \u00f6ncelikli hedeflerimizdendir. Bu amaca ula\u015fabilmek i\u00e7in, LST kurum k\u00fclt\u00fcr\u00fcn\u00fcn ayr\u0131lmaz bir par\u00e7as\u0131 olan Bilgi G\u00fcvenli\u011fi Y\u00f6netim Sistemi (BGYS) kurulmu\u015ftur. Ayr\u0131ca, bilginin gizlili\u011fini, b\u00fct\u00fcnl\u00fc\u011f\u00fcn\u00fc ve eri\u015filebilirli\u011fini korumak ve meydana gelebilecek risklerin do\u011fru \u015fekilde ele al\u0131nd\u0131\u011f\u0131n\u0131n g\u00fcvencesini ilgili taraflara vermek Bilgi G\u00fcvenli\u011fi Y\u00f6netim Sistemi\u2019nin kurulma ama\u00e7lar\u0131ndand\u0131r.<\/p><ul><li>\u0130\u00e7eriden veya d\u0131\u015far\u0131dan, bilerek ya da bilmeyerek meydana gelebilecek her t\u00fcrl\u00fc tehdide kar\u015f\u0131 LST Yaz\u0131l\u0131m Elektronik ve \u0130leti\u015fim Teknolojileri A.\u015e. bilgi varl\u0131klar\u0131n\u0131 korumak, bilgiye eri\u015febilirli\u011fi i\u015f prosesleriyle gerekti\u011fi \u015fekilde sa\u011flamak, yasal mevzuat gereksinimlerini kar\u015f\u0131lamak,<\/li><li>Y\u00fcr\u00fct\u00fclen t\u00fcm faaliyetlerde Bilgi G\u00fcvenli\u011fi Y\u00f6netim Sisteminin \u00fc\u00e7 temel \u00f6\u011fesinin s\u00fcreklili\u011fini sa\u011flamak,<\/li><li>Gizlilik: \u00d6nem ta\u015f\u0131yan bilgilere yetkisiz eri\u015fimlerin \u00f6nlenmesi,<\/li><li>B\u00fct\u00fcnl\u00fck: Bilginin do\u011fruluk ve b\u00fct\u00fcnl\u00fc\u011f\u00fcn\u00fcn sa\u011fland\u0131\u011f\u0131n\u0131n g\u00f6sterilmesi,<\/li><li>Eri\u015filebilirlik: Yetkisi olanlar\u0131n gerekti\u011fi hallerde bilgiye ula\u015f\u0131labilirli\u011finin g\u00f6sterilmesi,<\/li><li>Sadece elektronik ortamda tutulan verilerin de\u011fil; yaz\u0131l\u0131, bas\u0131l\u0131, s\u00f6zl\u00fc ve benzeri ortamda bulunan t\u00fcm verilerin g\u00fcvenli\u011fi ile ilgilenmek,<\/li><li>Bilgi G\u00fcvenli\u011fi Y\u00f6netimi e\u011fitimlerini t\u00fcm personele vererek bilin\u00e7lendirmeyi sa\u011flamak,<\/li><li>Bilgi G\u00fcvenli\u011finde ger\u00e7ekte var olan veya \u015f\u00fcphe uyand\u0131ran t\u00fcm a\u00e7\u0131klar\u0131, BGYS Ekibine rapor etmek ve BGYS Koordinat\u00f6r\u00fc taraf\u0131ndan soru\u015fturulmas\u0131n\u0131 sa\u011flamak,<\/li><li>\u0130\u015f s\u00fcreklilik planlar\u0131 haz\u0131rlamak, s\u00fcrd\u00fcrmek ve test etmek,<\/li><li>Bilgi G\u00fcvenli\u011fi konusunda periyodik olarak de\u011ferlendirmeler yaparak mevcut riskleri tespit etmek, de\u011ferlendirmeler sonucunda, aksiyon planlar\u0131n\u0131 g\u00f6zden ge\u00e7irmek ve takibini yapmak,<\/li><li>S\u00f6zle\u015fmelerden do\u011fabilecek her t\u00fcrl\u00fc anla\u015fmazl\u0131k ve \u00e7\u0131kar \u00e7at\u0131\u015fmas\u0131n\u0131 engellemek,<\/li><li>Bilgiye eri\u015febilirlik ve bilgi sistemleri i\u00e7in i\u015f gereksinimlerini kar\u015f\u0131lamak LST Bilgi G\u00fcvenli\u011fi Politikas\u0131\u2019n\u0131n esaslar\u0131d\u0131r.<\/li><\/ul>\t\t\t\t\t\t<\/div>\n\t\t\t\t<\/div>\n\t\t\t\t\t<\/div>\n\t\t\t\t<\/div>\n\t\t\t\t\t\t\t<\/div>\n\t\t","protected":false},"excerpt":{"rendered":"<p>B\u0130LG\u0130 G\u00dcVENL\u0130\u011e\u0130 POL\u0130T\u0130KAMIZ&nbsp; DE\u011eERL\u0130 M\u00dc\u015eTER\u0130LER\u0130M\u0130Z VE \u0130\u015e ORTAKLARIMIZ,&nbsp; LST Bilgi G\u00fcvenli\u011fi Politikas\u0131 ilgili yasalara, standartlara ve etik kavramlara g\u00f6re d\u00fczenlenmi\u015f gereksinim, uygulama ve kurallar\u0131 kapsar. Bu politika kapsam\u0131nda, sizlerin ve \u00e7al\u0131\u015fanlar\u0131m\u0131z\u0131n, elektronik ortamda saklanan ya da yaz\u0131l\u0131, s\u00f6zl\u00fc olarak ifade edilen bilgilerinin firma i\u00e7i ve firma d\u0131\u015f\u0131 t\u00fcm tehditlerden korunmas\u0131 en \u00f6ncelikli hedeflerimizdendir. Bu amaca&hellip;<\/p>\n","protected":false},"author":1,"featured_media":0,"parent":0,"menu_order":0,"comment_status":"closed","ping_status":"closed","template":"","meta":{"om_disable_all_campaigns":false,"_mi_skip_tracking":false,"_monsterinsights_sitenote_active":false,"_monsterinsights_sitenote_note":"","_monsterinsights_sitenote_category":0},"aioseo_notices":[],"_links":{"self":[{"href":"http:\/\/www.kuspha.com\/blog\/wp-json\/wp\/v2\/pages\/10554"}],"collection":[{"href":"http:\/\/www.kuspha.com\/blog\/wp-json\/wp\/v2\/pages"}],"about":[{"href":"http:\/\/www.kuspha.com\/blog\/wp-json\/wp\/v2\/types\/page"}],"author":[{"embeddable":true,"href":"http:\/\/www.kuspha.com\/blog\/wp-json\/wp\/v2\/users\/1"}],"replies":[{"embeddable":true,"href":"http:\/\/www.kuspha.com\/blog\/wp-json\/wp\/v2\/comments?post=10554"}],"version-history":[{"count":5,"href":"http:\/\/www.kuspha.com\/blog\/wp-json\/wp\/v2\/pages\/10554\/revisions"}],"predecessor-version":[{"id":11847,"href":"http:\/\/www.kuspha.com\/blog\/wp-json\/wp\/v2\/pages\/10554\/revisions\/11847"}],"wp:attachment":[{"href":"http:\/\/www.kuspha.com\/blog\/wp-json\/wp\/v2\/media?parent=10554"}],"curies":[{"name":"wp","href":"https:\/\/api.w.org\/{rel}","templated":true}]}}